What are the prime factors of 3503?
31, 113
List the prime factors of 2734.
2, 1367
What are the prime factors of 1253?
7, 179
What are the prime factors of 9808?
2, 613
What are the prime factors of 1643?
31, 53
What are the prime factors of 22293?
3, 2477
List the prime factors of 10212.
2, 3, 23, 37
List the prime factors of 1435.
5, 7, 41
List the prime factors of 37013.
37013
List the prime factors of 31794.
2, 3, 7, 757
What are the prime factors of 22740?
2, 3, 5, 379
What are the prime factors of 731?
17, 43
What are the prime factors of 1748?
2, 19, 23
List the prime factors of 36283.
13, 2791
List the prime factors of 66805.
5, 31, 431
List the prime factors of 726.
2, 3, 11
List the prime factors of 60919.
60919
List the prime factors of 1428.
2, 3, 7, 17
What are the prime factors of 43091?
41, 1051
What are the prime factors of 6237?
3, 7, 11
List the prime factors of 294.
2, 3, 7
What are the prime factors of 452?
2, 113
List the prime factors of 6336.
2, 3, 11
What are the prime factors of 127647?
3, 13, 1091
List the prime factors of 7184.
2, 449
What are the prime factors of 495?
3, 5, 11
List the prime factors of 663.
3, 13, 17
What are the prime factors of 23470?
2, 5, 2347
What are the prime factors of 2311?
2311
What are the prime factors of 906?
2, 3, 151
What are the prime factors of 6014?
2, 31, 97
List the prime factors of 30943.
11, 29, 97
What are the prime factors of 23996?
2, 7, 857
What are the prime factors of 823?
823
What are the prime factors of 6575?
5, 263
List the prime factors of 13961.
23, 607
What are the prime factors of 35978?
2, 17989
List the prime factors of 1950.
2, 3, 5, 13
What are the prime factors of 821?
821
What are the prime factors of 8990?
2, 5, 29, 31
What are the prime factors of 5207?
41, 127
What are the prime factors of 503?
503
List the prime factors of 92459.
92459
List the prime factors of 92783.
31, 41, 73
List the prime factors of 1645.
5, 7, 47
List the prime factors of 684.
2, 3, 19
What are the prime factors of 28512?
2, 3, 11
What are the prime factors of 407?
11, 37
List the prime factors of 908.
2, 227
What are the prime factors of 9276?
2, 3, 773
List the prime factors of 20252.
2, 61, 83
List the prime factors of 885.
3, 5, 59
List the prime factors of 18.
2, 3
List the prime factors of 4163.
23, 181
List the prime factors of 84312.
2, 3, 1171
What are the prime factors of 6127?
11, 557
What are the prime factors of 4167?
3, 463
What are the prime factors of 8554?
2, 7, 13, 47
List the prime factors of 23565.
3, 5, 1571
What are the prime factors of 140?
2, 5, 7
What are the prime factors of 10050?
2, 3, 5, 67
List the prime factors of 3672.
2, 3, 17
What are the prime factors of 970?
2, 5, 97
List the prime factors of 527.
17, 31
List the prime factors of 12446.
2, 7, 127
List the prime factors of 2065.
5, 7, 59
List the prime factors of 13308.
2, 3, 1109
What are the prime factors of 15900?
2, 3, 5, 53
List the prime factors of 65808.
2, 3, 457
What are the prime factors of 1775?
5, 71
List the prime factors of 3876.
2, 3, 17, 19
What are the prime factors of 968?
2, 11
What are the prime factors of 1683?
3, 11, 17
What are the prime factors of 588?
2, 3, 7
List the prime factors of 152180.
2, 5, 7, 1087
What are the prime factors of 798?
2, 3, 7, 19
What are the prime factors of 78?
2, 3, 13
List the prime factors of 891.
3, 11
List the prime factors of 13372.
2, 3343
List the prime factors of 547.
547
What are the prime factors of 5237?
5237
What are the prime factors of 71593?
71593
What are the prime factors of 42680?
2, 5, 11, 97
What are the prime factors of 37736?
2, 53, 89
List the prime factors of 6465.
3, 5, 431
What are the prime factors of 181147?
79, 2293
What are the prime factors of 4103?
11, 373
What are the prime factors of 6507?
3, 241
List the prime factors of 26923.
13, 19, 109
List the prime factors of 247.
13, 19
List the prime factors of 18829.
19, 991
List the prime factors of 33141.
3, 11047
List the prime factors of 1922.
2, 31
List the prime factors of 14930.
2, 5, 1493
List the prime factors of 633.
3, 211
What are the prime factors of 10633?
7, 31
List the prime factors of 1070.
2, 5, 107
What are the prime factors of 1185?
3, 5, 79
What are the prime factors of 68?
2, 17
What are the prime factors of 52807?
52807
What are the prime factors of 3222?
2, 3, 179
List the prime factors of 123.
3, 41
List the prime factors of 2188.
2, 547
List the prime factors of 23350.
2, 5, 467
List the prime factors of 32222.
2, 16111
List the prime factors of 22918.
2, 7, 1637
What are the prime factors of 4216?
2, 17, 31
What are the prime factors of 324?
2, 3
List the prime factors of 665.
5, 7, 19
List the prime factors of 1716.
2, 3, 11, 13
List the prime factors of 31862.
2, 89, 179
List the prime factors of 103168.
2, 13, 31
What are the prime factors of 212?
2, 53
What are the prime factors of 10911?
3, 3637
List the prime factors of 29366.
2, 14683
What are the prime factors of 1133?
11, 103
What are the prime factors of 170?
2, 5, 17
List the prime factors of 93917.
19, 4943
List the prime factors of 2102.
2, 1051
What are the prime factors of 3700?
2, 5, 37
List the prime factors of 22783.
22783
List the prime factors of 10664.
2, 31, 43
What are the prime factors of 1919?
19, 101
List the prime factors of 8154.
2, 3, 151
List the prime factors of 32710.
2, 5, 3271
What are the prime factors of 43269?
3, 14423
What are the prime factors of 172439?
172439
List the prime factors of 4334.
2, 11, 197
What are the prime factors of 101?
101
List the prime factors of 6770.
2, 5, 677
What are the prime factors of 28586?
2, 14293
List the prime factors of 6320.
2, 5, 79
List the prime factors of 18714.
2, 3, 3119
What are the prime factors of 3031?
7, 433
List the prime factors of 6501.
3, 11, 197
What are the prime factors of 31872?
2, 3, 83
List the prime factors of 1225.
5, 7
What are the prime factors of 33167?
17, 1951
List the prime factors of 1835.
5, 367
What are the prime factors of 62200?
2, 5, 311
What are the prime factors of 2112?
2, 3, 11
List the prime factors of 1641.
3, 547
List the prime factors of 4953.
3, 13, 127
List the prime factors of 1298.
2, 11, 59
What are the prime factors of 1652?
2, 7, 59
What are the prime factors of 85407?
3, 7, 83
What are the prime factors of 25093?
23, 1091
List the prime factors of 1780.
2, 5, 89
List the prime factors of 3011.
3011
List the prime factors of 5417.
5417
List the prime factors of 15910.
2, 5, 37, 43
What are the prime factors of 32753?
7, 4679
List the prime factors of 263.
263
List the prime factors of 4221.
3, 7, 67
List the prime factors of 436.
2, 109
List the prime factors of 283.
283
What are the prime factors of 54667?
54667
What are the prime factors of 3002?
2, 19, 79
List the prime factors of 2809.
53
List the prime factors of 12582.
2, 3, 233
List the prime factors of 37183.
19, 103
What are the prime factors of 572?
2, 11, 13
List the prime factors of 584.
2, 73
List the prime factors of 121834.
2, 60917
What are the prime factors of 1255?
5, 251
List the prime factors of 319.
11, 29
List the prime factors of 6943.
53, 131
List the prime factors of 22695.
3, 5, 17, 89
What are the prime factors of 3806?
2, 11, 173
What are the prime factors of 61260?
2, 3, 5, 1021
What are the prime factors of 1489?
1489
List the prime factors of 213.
3, 71
List the prime factors of 329.
7, 47
What are the prime factors of 382?
2, 191
List the prime factors of 89637.
3, 29879
What are the prime factors of 2996?
2, 7, 107
List the prime factors of 106923.
3, 29, 1229
List the prime factors of 134.
2, 67
What are the prime factors of 22617?
3, 7, 359
List the prime factors of 7190.
2, 5, 719
What are the prime factors of 97727?
7, 23, 607
List the prime factors of 10550.
2, 5, 211
List the prime factors of 304.
2, 19
List the prime factors of 35557.
31, 37
List the prime factors of 127851.
3, 19, 2243
What are the prime factors of 3873?
3, 1291
What are the prime factors of 42362?
2, 59, 359
What are the prime factors of 4262?
2, 2131
What are the prime factors of 426?
2, 3, 71
List the prime factors of 2281.
2281
What are the prime factors of 14157?
3, 11, 13
What are the prime factors of 30